*2 - 38*y + 36. Let a be t(18). Suppose a = -4*n + q - 50, -5*n + 4*q - 56 = -n. Let k(j) = -j**3 - 13*j**2 - 11*j + 6. Determine k(n).
-6
Let f(g) = -9*g**3 - g**2 + 20*g - 19. Let b be f(1). Let u(v) = -2*v**2 - 22*v - 32. What is u(b)?
4
Let x be (-4)/(48/6) + (-44)/8 + 6. Let c(g) be the first derivative of g**3/3 + g**2/2 + 2*g + 1. What is c(x)?
2
Let p be (4/(-22) - 20/11) + 28. Let r(c) = p*c**2 - 14*c - 30*c**2 + 3*c**2 + 7. What is r(-14)?
7
Suppose 0 = -j - 4 + 7. Let d = 254 + -243. Suppose 2*k + 1 = j*s, s - 2*k = 2*s - d. Let c(p) = 2*p**2 + p - 4. Determine c(s).
17
Suppose -2*n = -12 - 2. Let d(k) be the second derivative of 5*k - 8 + 5*k**2 + k**3 - 1/12*k**4. What is d(n)?
3
Let s be (-824)/(-12) - (-2)/(-3). Let p = s - 83. Let r = p + 10. Let v(u) = -u**2 - 5*u + 6. Calculate v(r).
6
Let j(y) = -8*y**3 + 23*y**2 - 26*y + 76. Let p(o) = 15*o**3 - 46*o**2 + 53*o - 143. Let m(i) = 11*j(i) + 6*p(i). Calculate m(10).
-2
Let z(v) = -4*v**2 - 9*v - 15. Let a(r) = 11*r**2 + 28*r + 44. Suppose 12 - 36 = -3*p. Let o(i) = p*z(i) + 3*a(i). Determine o(-11).
1
Let b(x) = -1323*x - 9263. Let o be b(-7). Let r(j) be the second derivative of -3*j - 1/2*j**2 + 5/12*j**4 + 0 + 0*j**3 + 1/20*j**5. What is r(o)?
11
Let y(o) = 6*o + 8 - 16*o - 3*o**3 - 13*o**2 - 9. Let v be y(-4). Let p = v + -26. Let i(f) = -f**3 - 2*f**2 - 2*f - 2. Calculate i(p).
13
Let d(b) = -5*b + 13*b - b**2 + 7*b - 27. Let i(l) = -l**3 + 164*l**2 + 5*l - 808. Let a be i(164). Calculate d(a).
9
Suppose k + 3*v + 2*v = -9, -3*v = k + 5. Let n(p) be the second derivative of p**4/6 - p**3/6 + p**2 - 3075*p + 2. Determine n(k).
3
Let v(f) = 2*f**2 - f**2 + 0 - 8*f - 12. Suppose -2*y - 2*u - 489 = -507, -25 = -2*y + 5*u. Give v(y).
8
Suppose d - 6*d + 3*o + 17 = 0, 3*d - 11 = 2*o. Let a(z) be the third derivative of z**4/8 - 5*z**3/6 - z**2 + 6*z - 629. Calculate a(d).
-2
Let v(a) = -4*a - 27. Let m(g) = 16*g - 487. Let q be m(30). Give v(q).
1
Let f(n) = -n**3 + 7*n**2 - 3*n + 4. Suppose 2*q - 41 = -3*o, -13 = -4*q + 2*o + 45. Suppose -11*j - 44 = -q*j - 3*v, j = -v + 10. Give f(j).
-17
Let y(r) = r**3 + 4*r**2 + r - 4. Let i(j) = -5*j**2 - 94*j. Let z be i(-19). Let n(u) = -u**2 - 34*u - 288. Let k be n(z). What is y(k)?
2
Let d(k) be the second derivative of 1/6*k**3 + 15/2*k**2 - 5*k + 5/24*k**4 + 0. Let t(s) be the first derivative of d(s). Calculate t(-1).
-4
Let v(f) = f - 4*f - 23 + 9*f + f**2 + 25. Let s = -12 + 7. Give v(s).
-3
Let o be -2 + 11/(110/(-20)). Let z(u) = 10*u - 9. What is z(o)?
-49
Let m(g) = -4*g - 84. Suppose -34*u + 247 = -47*u. Give m(u).
-8
Let q(v) = -71*v + 576. Let b be q(8). Let g(p) be the first derivative of p**4/4 - 3*p**3 + 5*p**2/2 + 5*p + 3. What is g(b)?
-19
Let d(c) = c**3 - 17*c**2 - 18*c - 15. Suppose -173*y + 2304 = -45*y. Give d(y).
-15
Let y(s) = -s**3 - 5*s**2 - 4*s + 1. Let t(o) = 3*o**2 + 3*o + 12. Let h be 1 - 25/(-15)*-3. Let i be t(h). Let f = 45 - i. Give y(f).
-5
Let v(l) = 0*l**3 + 6*l - l**3 - 3*l**2 + 0*l**3 + 0*l**3 - 1. Suppose q - 12*g + 20 = -15*g, 5*q - g + 20 = 0. Calculate v(q).
19
Suppose t - 3*a = 6*t + 29, -38 = 4*t - 5*a. Let w(b) = 5*b - 31. Let k(y) = 2*y - 14. Let z(v) = t*k(v) + 3*w(v). Determine z(6).
11
Let w(c) be the second derivative of 40*c**3/3 - 123*c**2 - 37*c + 28. What is w(3)?
-6
Let r(p) be the first derivative of p**2/2 + 17*p + 464. Calculate r(-12).
5
Let o(i) = -5*i - 12. Let f = -643 - -640. Determine o(f).
3
Let w(v) = v**3 + 7*v**2 + 3*v - 7. Let k = -98 - -177. Let c = k - 85. Determine w(c).
11
Let b(m) = 9*m**3 + 8*m**2 + 32*m - 13. Let r(t) = -11*t**3 - 7*t**2 - 35*t + 14. Let y(a) = 5*b(a) + 4*r(a). What is y(-10)?
-9
Let p(z) = 3*z + 1. Let m(x) be the third derivative of x**4/4 - 17*x**3/6 - x**2 - 1. Let s be m(3). Calculate p(s).
4
Suppose -4*w + 2*w = 2*t - 24, -3*w + 34 = 2*t. Let f(g) be the third derivative of g**4/24 - 10*g**3/3 + 37526*g**2. Calculate f(w).
-10
Let t(p) = p - 4. Let u(y) = y - 13. Let d be u(17). Suppose b - 10 = d*v + 13, 5*b - 40 = 5*v. Determine t(v).
-9
Let w(p) be the second derivative of p**4/2 - 2*p**3/3 - 3*p**2/2 + 24206*p. Let a be (-6 + 4)/(-1 + 2). What is w(a)?
29
Let l = -4738 - -4731. Let o(c) = -4*c**3 + 6*c**2 - 2*c. Let t(s) = -5*s**3 + 6*s**2 - s. Let i(p) = -6*o(p) + 5*t(p). What is i(l)?
0
Let p(v) be the first derivative of -5*v - 8*v**2 + 1/3*v**3 + 226. What is p(16)?
-5
Let w(l) be the first derivative of -l**3/3 - 8*l - 1. Let m = -1305 - -1313. Suppose -3*v = 2*t - m, 4*t - 3 - 13 = 5*v. What is w(v)?
-8
Let o(t) be the first derivative of -5*t**4/4 - 4*t**3/3 - t**2/2 + 5016. Determine o(-2).
26
Let u(p) be the third derivative of -p**6/60 - p**5/30 + p**4/12 - 2*p**3/3 - 5*p**2 + 3*p + 687. Let o(g) = g**2 - 8*g + 9. Let q be o(6). Give u(q).
26
Let t(u) = 48*u - 445. Let o(m) = 25*m - 232. Let b(p) = -10*o(p) + 6*t(p). What is b(9)?
-8
Let q(m) be the first derivative of m**4/4 + 5*m**3/3 - 2*m**2 - m - 2620. Let c = -6 - 0. What is q(c)?
-13
Suppose a = -3*v - 7, 0 = -a + 2*v - 173 + 166. Let t(j) = -j**2 - 33*j - 174. Calculate t(a).
8
Let s(m) = -16*m**2 + 16 + 50*m + 97*m - 249*m + 91*m - 2*m**3. What is s(-7)?
-5
Let q(d) be the third derivative of -d**4/24 + 3*d**3/2 - 6*d**2. Let s = 44 + -105. Let z = -57 - s. Determine q(z).
5
Suppose -4*y + 10 - 2 = -x, 8 = 4*y + 2*x. Let r(j) = 3*j**2 - 9*j + 9. Let f(d) = 4*d**2 - 9*d + 10. Let i(b) = y*f(b) - 3*r(b). Let k = -9 - -16. Give i(k).
7
Let o(c) = 15 - 7 + 7 - c. Let p = 2181 - 2173. Give o(p).
7
Let q(l) = -l + 11. Let k(h) = -5*h + 36. Let g(o) = -k(o) - 7*q(o). What is g(10)?
7
Let v(l) = -3*l - 20. Let b be v(-8). Suppose 34 = -3*g + r + b*r, 4*g + r + 7 = 0. Let q be 4/6 - -2 - (-2)/g. Let m(f) = -3*f + 1. Give m(q).
-5
Let q(c) = -c**3 - 11*c**2 + 9*c - 18. Suppose -2*g + 6*m = 52, 15*m + 35 = -5*g + 11*m. What is q(g)?
-117
Suppose -6*g + 48*g + 9*g = 0. Let l(o) = 2*o**3 - o**2 - o + 10. Determine l(g).
10
Let n be (-1694)/(-88) - 3/(-4). Let r(w) = n + 14 + 20 - w - 60. What is r(-5)?
-1
Suppose -31*w + 600 = -7*w. Let r(l) = -7 - 6*l - 14*l + w*l. Determine r(2).
3
Let r(g) be the third derivative of -g**7/2520 - g**6/80 + g**5/8 - g**4/12 - 6*g**3 - 33*g**2. Let s(n) be the second derivative of r(n). Give s(-11).
-7
Let r(d) = -d**2 - 16*d + 56. Let m = -10031 + 10017. Give r(m).
84
Let p(n) be the third derivative of n**6/80 + n**5/60 + 21*n**4/8 - 41*n**2 - n. Let r(h) be the second derivative of p(h). Calculate r(-1).
-7
Let a(s) be the first derivative of -1/3*s**3 + 1/2*s**2 + 1 + 0*s. Calculate a(1).
0
Suppose -21 = -3*k - 35*x + 32*x, 4*k - 2*x = -8. Let c(u) = 10*u**3 - u**2 - u - 1. What is c(k)?
7
Let i(p) be the third derivative of -p**5/12 + 31*p**4/24 - 5*p**3/2 - 4538*p**2 - 1. Determine i(6).
-9
Let p = -2182 - -2182. Let w(j) = -j**2 - j + 3. Give w(p).
3
Let l(i) = 6*i - 12. Suppose -3*d + 4*q = -24, -5*d - 5*q = -4*d + 11. What is l(d)?
12
Suppose 5*w = 4*w + 2*m - 4, 0 = 5*w + 4*m - 22. Let h(f) = 4 - w*f**2 - 12*f**3 + 11*f**3 + 16*f**2. Give h(14).
4
Let r(n) = -12*n**3 + 2*n + 1. Let q(p) = 82*p**3 + 18*p**2 - 34*p + 28. Let h(m) = -q(m) - 7*r(m). Determine h(8).
-3
Let k(z) be the second derivative of z**5/20 + z**4/4 + z**3 + 3*z**2/2 - 874*z - 2. Determine k(-3).
-15
Let l(m) = -14. Let i(z) = -33*z - 85. Let c(g) = i(g) + 8*l(g). Calculate c(-6).
1
Let w(s) = 8*s**2 - 3*s + 3. Suppose 4*t - 5*t - 4*v = 3, -3*v = 3*t. Give w(t).
8
Let z(v) = -3*v + 6. Suppose 4*t + 864 = 10*t. Suppose -t = -39*l + 57*l. What is z(l)?
30
Let q(f) = -f**2 - 10*f - 15. Let w be ((-48)/40)/(16/30)*4. What is q(w)?
-6
Let o(m) = 4*m**2 - 6*m - 200. Let b be o(8). Let a(i) = i**2 + 7*i - 8. What is a(b)?
112
Let r(t) = -2*t + 29. Suppose 0 = -k - 3*p + 265, k + 3*p = -2*k + 807. Let l = 285 - k. What is r(l)?
1
Let o(b) be the second derivative of -b**5/10 + 35*b**4/6 - 11*b**3 - 75*b**2/2 + 2*b + 1673. Give o(34).
-7
Suppose -12*x + 9*x = 15, -4*x = 5*a. Let h(v) = -3*v**2 + 7*v - 6. Calculate h(a).
-26
Let v(x) = -x**2 + x - 1. Suppose 42*q = 278 + 226. Let s(j) = j**2 - 9*j - 39. Let p be s(q). Give v(p).
-13
Let m(a) = -29*a + 163. Let o(h) = -10*h + 57. Let p(w) = -6*m(w) + 17*o(w). Calculate p(12).
39
Let b(x) = -x**2 + 79*x - 370. Suppose 4016